sor of 17485 and 1790?
5
Calculate the greatest common factor of 135 and 59271075.
135
Calculate the highest common factor of 1224 and 175542.
102
What is the greatest common factor of 11396 and 20548836?
308
What is the highest common factor of 585 and 178216740?
585
Calculate the highest common divisor of 1287 and 40822587.
117
What is the highest common factor of 3600095 and 5?
5
Calculate the greatest common divisor of 3716645 and 535.
535
Calculate the greatest common divisor of 4121447 and 803.
11
What is the greatest common divisor of 20056 and 31568328?
184
What is the greatest common factor of 25165004 and 13519?
1229
Calculate the highest common divisor of 235040183 and 7447.
677
Calculate the highest common factor of 1354 and 49009384.
1354
What is the highest common divisor of 68680 and 183600?
680
Calculate the highest common divisor of 827421 and 5166.
861
What is the greatest common factor of 51 and 13396323?
51
Calculate the highest common divisor of 11359 and 537610.
37
What is the greatest common divisor of 593759 and 19822?
901
What is the greatest common factor of 4405 and 328409489?
881
What is the highest common divisor of 11151 and 17286528?
1239
What is the greatest common divisor of 17 and 14563781?
17
What is the greatest common divisor of 97163 and 12243?
11
Calculate the greatest common divisor of 272274 and 1354884.
138
Calculate the highest common factor of 869821 and 1065.
71
Calculate the greatest common factor of 4851 and 18273948.
231
Calculate the highest common factor of 5905 and 66565.
5
Calculate the highest common factor of 19648 and 19077594.
614
Calculate the highest common divisor of 6885376 and 122713.
1681
Calculate the highest common divisor of 19712277 and 117.
117
Calculate the greatest common divisor of 2250 and 2314080.
90
What is the greatest common divisor of 436634 and 252659?
2453
What is the greatest common factor of 281 and 53598221?
281
Calculate the greatest common divisor of 552 and 16432902.
138
What is the greatest common divisor of 2216 and 119544059?
277
Calculate the greatest common divisor of 4 and 31359890.
2
Calculate the greatest common divisor of 3469666 and 44608.
1394
What is the highest common divisor of 426 and 533298?
6
What is the highest common factor of 42042149 and 137?
137
What is the greatest common divisor of 19312984 and 4?
4
What is the greatest common divisor of 8576 and 996692?
268
Calculate the highest common factor of 17776 and 830896.
176
Calculate the highest common divisor of 17438957 and 1581.
527
What is the greatest common factor of 2479 and 433640?
37
Calculate the highest common factor of 644 and 77364686.
322
What is the highest common divisor of 572857402 and 26?
26
What is the highest common factor of 3417 and 58254825?
201
What is the greatest common factor of 1984868 and 20?
4
Calculate the highest common factor of 72138044 and 110.
22
What is the highest common divisor of 77106 and 3052746?
1086
Calculate the greatest common divisor of 15764 and 759864.
28
What is the greatest common divisor of 20177904 and 258?
6
What is the highest common factor of 13635 and 115019406?
2727
What is the highest common factor of 4372 and 543712850?
2186
Calculate the greatest common factor of 9 and 6297813.
9
What is the greatest common divisor of 1055340 and 1872?
468
Calculate the greatest common divisor of 576 and 1266669.
9
Calculate the highest common divisor of 240780 and 286680.
60
Calculate the highest common divisor of 41847 and 22619913.
3219
What is the greatest common divisor of 28 and 558620580?
28
What is the highest common factor of 286555 and 90207?
257
Calculate the greatest common divisor of 500939 and 5767.
79
What is the greatest common factor of 2 and 641021?
1
Calculate the highest common divisor of 1023572 and 130548.
1892
What is the greatest common divisor of 50057710 and 2680?
670
What is the highest common factor of 876841 and 10192798?
3829
What is the highest common factor of 133 and 5996191?
19
What is the highest common factor of 1192671 and 11111?
271
Calculate the greatest common divisor of 308 and 114843498.
154
Calculate the highest common divisor of 3445262 and 2162.
46
What is the highest common factor of 26522100 and 900?
900
What is the greatest common factor of 882 and 8299116?
126
Calculate the highest common divisor of 19282403 and 126.
7
Calculate the highest common divisor of 139974 and 12148719.
1707
What is the highest common factor of 26564 and 3772320?
116
Calculate the highest common factor of 3097995 and 4165.
85
Calculate the highest common factor of 182 and 21230027.
91
What is the greatest common divisor of 67022343 and 837?
27
What is the highest common divisor of 642880 and 1270?
10
Calculate the greatest common factor of 586199 and 927142.
929
Calculate the greatest common factor of 31745 and 3160955.
35
Calculate the greatest common factor of 498180 and 755.
5
What is the greatest common factor of 1609095 and 540?
15
Calculate the highest common divisor of 60 and 2529276.
12
Calculate the highest common divisor of 476537850 and 54.
54
What is the highest common divisor of 14295 and 48135?
15
Calculate the greatest common divisor of 3135 and 51751095.
165
Calculate the highest common divisor of 32850 and 3517575.
75
What is the greatest common divisor of 20650500 and 351?
117
What is the highest common divisor of 11868 and 150765?
69
Calculate the highest common divisor of 55 and 408903781.
11
Calculate the greatest common factor of 42 and 10609011.
21
Calculate the highest common factor of 2027892 and 4782.
6
Calculate the greatest common factor of 6864 and 11483576.
104
Calculate the greatest common factor of 12 and 1572926010.
6
What is the greatest common factor of 14072956 and 52?
4
What is the highest common factor of 107595697 and 253?
11
Calculate the greatest common factor of 567 and 54209169.
567
Calculate the greatest common factor of 4039439 and 783.
29
What is the highest common divisor of 26902789 and 17?
17
Calculate the highest common factor of 97130 and 3498.
22
Calculate the highest common divisor of 29262235 and 35.
5
What is the greatest common factor of 10283700 and 210?
210
What is the highest common factor of 8959436 and 3139?
73
What is the greatest common divisor of 172018 and 2288?
22
Calculate the greatest common factor of 7584846 and 13578.
438
What is the highest common factor of 9 and 1679508?
9
Calculate the greatest common factor of 370000572 and 1212.
1212
Calculate the greatest common divisor of 486060 and 1002.
6
Calculate the highest common divisor of 244 and 109075198.
122
Calculate the greatest common divisor of 4335 and 290047047.
867
Calculate the greatest common factor of 2499 and 307071.
51
What is the greatest common divisor of 20445158 and 401274?
4954
What is the highest common divisor of 2289470 and 271680?
2830
What is the greatest common divisor of 217664 and 190912?
1216
Calculate the greatest common factor of 319698 and 1458.
18
What is the greatest common factor of 1843965 and 489375?
3915
Calculate the greatest common factor of 310 and 33693032.
62
What is the highest common divisor of 22109107 and 32364?
899
Calculate the highest common divisor of 627039 and 18315.
333
Calculate the greatest common divisor of 51 and 290294.
1
Calculate the greatest common divisor of 16286364 and 2331.
333
Calculate the greatest common factor of 5404355 and 65.
5
Calculate the highest common factor of 2642 and 39275972.
2642
What is the greatest common factor of 1147068 and 3555756?
1548
What is the highest common factor of 36 and 123977601?
9
Calculate the greatest common factor of 81003 and 187161.
39
What is the greatest common divisor of 152 and 9195886?
38
What is the highest common factor of 2015 and 45547060?
2015
What is the greatest common factor of 110831123 and 1222?
611
What is the greatest common factor of 2769 and 48896067?
213
What is the highest common divisor of 341 and 16577219?
31
What is the greatest common factor of 103011930 and 2034?
2034
What is the highest common divisor of 35621224 and 16?
8
What is the highest common factor of 292 and 9413204?
292
What is the highest common factor of 6398 and 1574822?
914
Calculate the greatest common diviso